{"id":19,"date":"2016-11-26T18:54:38","date_gmt":"2016-11-26T17:54:38","guid":{"rendered":"http:\/\/www.lolacie.fr\/wordpress\/?page_id=19"},"modified":"2025-01-13T17:03:31","modified_gmt":"2025-01-13T16:03:31","slug":"lassociation","status":"publish","type":"page","link":"http:\/\/www.lolacie.fr\/wordpress\/index.php\/lassociation\/","title":{"rendered":"L&rsquo;Association"},"content":{"rendered":"<div class=\"entry-content\">\n<p><img loading=\"lazy\" class=\"alignnone size-medium wp-image-10\" src=\"http:\/\/www.lolacie.fr\/wordpress\/wp-content\/uploads\/2016\/11\/logo-lolaandcie-300x194.jpg\" alt=\"logo-lolaandcie\" width=\"300\" height=\"194\" \/><\/p>\n<p>Lola &amp; cie est une association pour aider les enfants avec un handicap moteur (dont la paralysie c\u00e9r\u00e9brale) et leur familles.<\/p>\n<p>Une association de parents et pour les parents en cr\u00e9ant du lien pour rompre l\u2019isolement des familles.<\/p>\n<p><strong>Actuellement, les enfants de l\u2019association sont :<\/strong><\/p>\n<p>Lola\u00a0 &#8211; Samuel\u00a0 &#8211;\u00a0 Mila &#8211; Tim\u00e9o &#8211; Youssra &#8211; Romain &#8211; Maud &#8211; J\u00e9r\u00e9my &#8211; K\u00e9vin &#8211; Axel &#8211; K\u00e9lian &#8211; Ryan &#8211; Marie &#8211; Emily<\/p>\n<p><strong>Documents pour en savoir plus sur l\u2019association :<\/strong><\/p>\n<p>La plaquette de l\u2019association\u00a0\u00a0 <a href=\"http:\/\/www.lolacie.fr\/wordpress\/wp-content\/uploads\/2018\/07\/plaquette-lolaandcie.pdf\">plaquette-lolaandcie<\/a><\/p>\n<p>Page facebook : <a href=\"https:\/\/www.facebook.com\/lolacie47\/\">https:\/\/www.facebook.com\/lolacie47\/<\/a><\/p>\n<p>Bulletin don &amp; adh\u00e9sion :<a href=\"http:\/\/www.lolacie.fr\/wordpress\/wp-content\/uploads\/2025\/01\/BULLETIN-ADHESION-2025.pdf\">BULLETIN ADHESION 2025<\/a><\/p>\n<\/div>\n","protected":false},"excerpt":{"rendered":"<p>Lola &amp; cie est une association pour aider les enfants avec un handicap moteur (dont la paralysie c\u00e9r\u00e9brale) et leur familles. Une association de parents et pour les parents en cr\u00e9ant du lien pour rompre l\u2019isolement des familles. Actuellement, les <a class=\"more-link\" href=\"http:\/\/www.lolacie.fr\/wordpress\/index.php\/lassociation\/\">Lire plus &#8230;<\/a><\/p>\n","protected":false},"author":1,"featured_media":0,"parent":0,"menu_order":1,"comment_status":"closed","ping_status":"closed","template":"","meta":[],"_links":{"self":[{"href":"http:\/\/www.lolacie.fr\/wordpress\/index.php\/wp-json\/wp\/v2\/pages\/19"}],"collection":[{"href":"http:\/\/www.lolacie.fr\/wordpress\/index.php\/wp-json\/wp\/v2\/pages"}],"about":[{"href":"http:\/\/www.lolacie.fr\/wordpress\/index.php\/wp-json\/wp\/v2\/types\/page"}],"author":[{"embeddable":true,"href":"http:\/\/www.lolacie.fr\/wordpress\/index.php\/wp-json\/wp\/v2\/users\/1"}],"replies":[{"embeddable":true,"href":"http:\/\/www.lolacie.fr\/wordpress\/index.php\/wp-json\/wp\/v2\/comments?post=19"}],"version-history":[{"count":8,"href":"http:\/\/www.lolacie.fr\/wordpress\/index.php\/wp-json\/wp\/v2\/pages\/19\/revisions"}],"predecessor-version":[{"id":1353,"href":"http:\/\/www.lolacie.fr\/wordpress\/index.php\/wp-json\/wp\/v2\/pages\/19\/revisions\/1353"}],"wp:attachment":[{"href":"http:\/\/www.lolacie.fr\/wordpress\/index.php\/wp-json\/wp\/v2\/media?parent=19"}],"curies":[{"name":"wp","href":"https:\/\/api.w.org\/{rel}","templated":true}]}}