{"id":574,"date":"2018-11-23T18:24:23","date_gmt":"2018-11-23T17:24:23","guid":{"rendered":"http:\/\/www.lolacie.fr\/wordpress\/?page_id=574"},"modified":"2018-11-23T18:56:16","modified_gmt":"2018-11-23T17:56:16","slug":"cd-de-la-chanson-lola","status":"publish","type":"page","link":"http:\/\/www.lolacie.fr\/wordpress\/index.php\/cd-de-la-chanson-lola\/","title":{"rendered":"CD de la chanson \u00ab\u00a0Lola\u00a0\u00bb"},"content":{"rendered":"<p><img loading=\"lazy\" class=\"alignnone size-medium wp-image-570\" src=\"http:\/\/www.lolacie.fr\/wordpress\/wp-content\/uploads\/2018\/11\/Pochette-Lola-2018-2-300x294.jpg\" alt=\"\" width=\"300\" height=\"294\" srcset=\"http:\/\/www.lolacie.fr\/wordpress\/wp-content\/uploads\/2018\/11\/Pochette-Lola-2018-2-300x294.jpg 300w, http:\/\/www.lolacie.fr\/wordpress\/wp-content\/uploads\/2018\/11\/Pochette-Lola-2018-2-768x752.jpg 768w, http:\/\/www.lolacie.fr\/wordpress\/wp-content\/uploads\/2018\/11\/Pochette-Lola-2018-2-1024x1003.jpg 1024w, http:\/\/www.lolacie.fr\/wordpress\/wp-content\/uploads\/2018\/11\/Pochette-Lola-2018-2.jpg 1485w\" sizes=\"(max-width: 300px) 100vw, 300px\" \/>\u00a0 <a href=\"http:\/\/www.lolacie.fr\/wordpress\/wp-content\/uploads\/2018\/11\/lola-teaser_180p.3gp\">lola-teaser_180p<\/a><\/p>\n<p>&nbsp;<\/p>\n<form action=\"https:\/\/www.paypal.com\/cgi-bin\/webscr\" method=\"post\" target=\"_top\"> <input type=\"hidden\" name=\"cmd\" value=\"_s-xclick\"> <input type=\"hidden\" name=\"hosted_button_id\" value=\"7HFHBXPKCYWNQ\"> <input type=\"image\" src=\"https:\/\/www.paypalobjects.com\/fr_FR\/FR\/i\/btn\/btn_buynowCC_LG.gif\" border=\"0\" name=\"submit\" alt=\"PayPal, le r\u00e9flexe s\u00e9curit\u00e9 pour payer en ligne\"> <img loading=\"lazy\" alt=\"\" border=\"0\" src=\"https:\/\/www.paypalobjects.com\/fr_FR\/i\/scr\/pixel.gif\" width=\"1\" height=\"1\"> <\/form>\n","protected":false},"excerpt":{"rendered":"<p>\u00a0 lola-teaser_180p &nbsp;<\/p>\n","protected":false},"author":1,"featured_media":0,"parent":0,"menu_order":0,"comment_status":"closed","ping_status":"closed","template":"","meta":[],"_links":{"self":[{"href":"http:\/\/www.lolacie.fr\/wordpress\/index.php\/wp-json\/wp\/v2\/pages\/574"}],"collection":[{"href":"http:\/\/www.lolacie.fr\/wordpress\/index.php\/wp-json\/wp\/v2\/pages"}],"about":[{"href":"http:\/\/www.lolacie.fr\/wordpress\/index.php\/wp-json\/wp\/v2\/types\/page"}],"author":[{"embeddable":true,"href":"http:\/\/www.lolacie.fr\/wordpress\/index.php\/wp-json\/wp\/v2\/users\/1"}],"replies":[{"embeddable":true,"href":"http:\/\/www.lolacie.fr\/wordpress\/index.php\/wp-json\/wp\/v2\/comments?post=574"}],"version-history":[{"count":3,"href":"http:\/\/www.lolacie.fr\/wordpress\/index.php\/wp-json\/wp\/v2\/pages\/574\/revisions"}],"predecessor-version":[{"id":585,"href":"http:\/\/www.lolacie.fr\/wordpress\/index.php\/wp-json\/wp\/v2\/pages\/574\/revisions\/585"}],"wp:attachment":[{"href":"http:\/\/www.lolacie.fr\/wordpress\/index.php\/wp-json\/wp\/v2\/media?parent=574"}],"curies":[{"name":"wp","href":"https:\/\/api.w.org\/{rel}","templated":true}]}}